2*v - 5*r = 17, 5*r + 18 = 3*v - 19. Let c(k) = h + k - 2*k + v*k - 14. What is c(5)?
8
Let o(m) = 2*m**2 + 4*m + 6. Let r(q) be the second derivative of -q**3/6 + q + 13. Let b(k) = o(k) - 4*r(k). What is b(-5)?
16
Let c(i) be the second derivative of -i**6/360 - 7*i**5/60 - i**4/12 + i**3/6 - 38*i**2 + 6*i + 1. Let g(r) be the second derivative of c(r). Calculate g(-13).
11
Let d(j) be the first derivative of 2*j**3/3 + j**2/2 + 3*j - 1770. Give d(4).
39
Let u(k) = -k**3 + 3*k**2 + 4*k - 3. Let q = 62 - 0. Suppose -2*l = 4*a + 50, 4*l - 2*l - 2*a + q = 0. Let w = l - -33. What is u(w)?
-3
Let v(r) = r. Suppose -2*s - 5*s = 0. Let w be (s - -120)*(-1 - -2). Let j be w/28 - 4 - (-37)/(-7). Calculate v(j).
-5
Let x = 50 + -48. Let u be x/(-10) - (36/(-5) + 4). Suppose -2*h - 5*l = -u*h + 8, -h + 2 = -3*l. Let t(f) = f + 7. Calculate t(h).
0
Let b(l) be the second derivative of -1/60*l**5 + 0 - 14*l**2 - 17*l + 5/24*l**4 + 1/6*l**3. Let t(i) be the first derivative of b(i). What is t(4)?
5
Let u be 73 + -64 + (-2 - 8). Let y(h) = 48*h**3 + 2*h + 2. Determine y(u).
-48
Let h = 83 - 83. Suppose h = -2*r - i - 3*i, 2*i + 10 = 4*r. Let b(o) = -7*o + 4*o + o**2 + r*o - 13*o**2 + 1. Give b(1).
-12
Let j(h) = 4*h - 17. Let q be j(9). Let f = q + -25. Let u(s) be the first derivative of s**4/4 + 2*s**3 - s**2/2 + 2*s - 7. What is u(f)?
8
Let y(a) = 3*a**2 + 2*a + 3. Let c(s) = 6*s**2 + 4*s + 6. Let j(h) = -3*c(h) + 7*y(h). Give j(-1).
4
Let z be (80/(-10) - -7)*-5. Let j(w) = -3*w + 3*w**2 - 2*w**2 - 2*w**2 + 5 + 2*w. Determine j(z).
-25
Let u be -14 - (5 + (-10 - 0)). Let a(b) = 20*b**3 + b**2 - 10*b - 1. Let h(j) = -9*j**3 + 4*j + 1. Let n(t) = u*h(t) - 4*a(t). Give n(4).
11
Let j(s) = 14*s + 302. Let v = 3132 + -3154. Calculate j(v).
-6
Suppose 2125*j = 2133*j - 72. Let f(a) = 6*a - 9. Let p(d) = -3*d + 5. Let g(r) = 6*f(r) + 13*p(r). What is g(j)?
-16
Let v(s) be the third derivative of -23*s**4/24 - 49757*s**2. Suppose -5*l - 10 = -3*u, u = 2*l - 0 + 3. What is v(l)?
-23
Let s(d) = -d**3 + 9*d**2 - 15*d - 22. Let o(g) = g**2 + 7*g + 18. Let r be o(-4). Determine s(r).
-4
Let l(v) be the second derivative of -v**4/6 - 2*v**3 - 10*v**2 + 24*v + 15. Determine l(-6).
-20
Suppose 5*x + 64 = 21*x. Let u(g) = g + 14 - x - 5 - 2*g - 4. Give u(-3).
4
Let g(w) = 5*w - 5*w**2 + 2 - w**3 + 0*w**3 + 2*w**3. Let k be 30*1/3 - -110. Let m be 1*(5 + -2) - (k - 121). Determine g(m).
6
Suppose 0 = 29*w - 7 - 51. Let j(i) = i - 7 - 2*i**2 + 5 - i**3 + i**w + 0*i. Let n = 0 - 0. Give j(n).
-2
Let h(l) = 94*l**2 - 2*l + 2. Let p = -11874 + 11875. Determine h(p).
94
Let q(c) be the second derivative of 4 + 11/2*c**2 - 2*c**3 + 16*c - 1/20*c**5 - 7/6*c**4. Calculate q(-13).
-2
Let c(v) = v**3 - 13*v**2 + 12*v + 1. Let h(a) = -a**2 + 18*a - 79. Let f be h(10). Suppose -251 - f = -21*b. Give c(b).
1
Let v be 2*(-2 + 124/(-8)). Let a = 39 + v. Let s(j) = 7*j**2 - 3*j - 11. Let r(o) = -4*o**2 + o + 6. Let z(t) = 5*r(t) + 3*s(t). Calculate z(a).
-3
Let j(q) be the first derivative of q**3/3 - 3*q**2 + 2*q - 5152. Suppose -3*l + 2*v = -20, 3*l - l - 12 = v. Determine j(l).
-6
Let g(o) = -o + 6. Let p(x) = x**3 - 7*x**2 - 3*x - 8. Let z be p(8). Let f be (-24)/z - (-14)/8 - -5. Calculate g(f).
0
Let f(u) = -3*u**3 + u + 1. Let w(x) = -2*x**2 - 40*x + 190. Let r(g) = -g**2 - 19*g + 94. Let v(c) = 7*r(c) - 3*w(c). Let p be v(5). Determine f(p).
23
Let m(w) = -61*w**2 + 46*w + 11. Let s(k) = -3*k**2 - 5*k. Let o(d) = m(d) - 13*s(d). Calculate o(5).
16
Let b = 7316 - 7320. Let w(u) = 6*u - 4. Calculate w(b).
-28
Suppose 3 + 1 = -4*c. Let a(f) be the first derivative of -5*f**4/4 + f**2/2 + 509. Calculate a(c).
4
Let w(p) = 3*p**2 + 3 + 17*p**3 - 18*p**3 + 0*p**2. Let y be w(3). Let n(h) = 8*h + y*h**2 - 20 - 2*h**2 + 26. Calculate n(-5).
-9
Let i(a) = 12*a + 20. Let x be i(-5). Let f be (-26)/(-10) + (-2)/x*8. Suppose y + f = -4*v - 6, y = 5*v. Let n(p) = -p**3 - 4*p**2 + 6*p - 3. Give n(y).
-8
Let q(r) be the third derivative of -r**5/60 + 11*r**4/12 - 5*r**3 + 4123*r**2 + 2. Determine q(12).
90
Let d(i) = -3*i. Let c(j) = -2*j**2 - j + 47. Let a(s) = s**2 + s - 23. Let m(f) = 5*a(f) + 3*c(f). Let g be m(6). Determine d(g).
-6
Let y(q) = q**2 - q. Let z(d) = 6*d**2 - 2*d - 1. Let b(k) = 4*y(k) - z(k). Let v = -6 - -11. Suppose v*j + 1 = -t - t, 4*j = 4*t + 16. What is b(t)?
-11
Let z(d) = -806 - 12*d**2 + 829 + d**2 + 35*d - d**3 - 10*d**2 + 5*d**2. Determine z(-18).
41
Let x(j) be the first derivative of 16 - 1/3*j**3 + 5/2*j**2 + 4*j. Let y be 7 - (-2 - -2 - -2). Determine x(y).
4
Let g = -212 - -449. Let r(t) = 3*t - 253 - 2*t + g + t. Give r(12).
8
Let s(d) = -d**2 - 8*d + 6. Let j(u) = -u**2. Suppose -v + 3*x + 11 = 0, 4*x - x + 17 = 4*v. Suppose c = 3*o + 3, -2*o - 8 = v*o. Let i be j(c). Give s(i).
-3
Let c(m) = -m + 2. Let q = 21 - 17. Let r be (-14)/77 + q/((-132)/159). What is c(r)?
7
Let v be ((-34)/34)/(1/2). Let s be (-3)/((-6)/(-1372)*v). Let c(l) = 0*l - 342 + s + l. What is c(6)?
7
Let w(v) = v**2 + v + 1. Let x be (-36)/(-15) - 7/((-210)/(-12)). Let u be (-5)/x + 4/(-8). What is w(u)?
7
Suppose -15 = 3*w + 4*v, 2*w + v - 10 = 5*v. Suppose 14 = c + 6*c. Let r(a) = -118 + 3*a**2 + a - a**c + 119. Give r(w).
2
Let m(j) = -5*j**2 - 6*j - 29. Let g(x) = -4*x**2 - 5*x - 25. Let h(f) = 6*g(f) - 5*m(f). Let o be -3 - 9*-1 - 1. Suppose o*i - 15 - 10 = 0. Calculate h(i).
20
Suppose -61*u - 131 = -80*u + 116. Let j(m) = m**2 - 14*m + 17. Give j(u).
4
Suppose 4*k = 100 - 316. Let w = -56 - k. Let a(u) = 2*u + 0 - 2 + 3. Calculate a(w).
-3
Let a = -342 + 358. Let g(c) = -72*c - 12. Let r(w) = 14*w + 2. Let n(y) = a*r(y) + 3*g(y). Determine n(-4).
-36
Let s(y) = -7*y - 62. Let k be s(-5). Let i(a) = a**3 + 27*a**2 - 7. Let w be i(k). Let p(x) = x**3 + 8*x**2 + 4*x + 3. Calculate p(w).
24
Let m(f) be the second derivative of f**4/12 - 5*f**3/6 + 7*f**2 - 230*f. Calculate m(6).
20
Let v(c) = 47*c**3 + c. Let w be v(1). Let t = -44 + w. Let r(i) = t - i**2 + 2*i - 6 + 6 + 2. Determine r(6).
-18
Let g(j) be the second derivative of -j**4/6 - 5*j**3/2 - j**2/2 + 3143*j. Calculate g(0).
-1
Let b(p) = -p. Suppose 0 = -475*q + 469*q + 12. Let f be (-100)/(-120) - q/(-12). Give b(f).
-1
Let w(y) = y**3 + 5*y**2 - 11*y - 27. Let u be -6 - (2/(-20)*0)/3. Give w(u).
3
Let j be -7 - 2/(2 + 0) - (-54 - -53). Let a(k) be the third derivative of -k**5/60 - 7*k**4/24 + k**3/3 + 8*k**2. Determine a(j).
2
Let q(p) = p**2 - 14*p - 35. Let s be q(17). Suppose 3*t - 4*o + 8 = -38, -2*t - o = s. Let g(m) = -m**3 - 9*m**2 + 8*m - 10. Give g(t).
10
Let q(z) be the second derivative of -z**5/20 + 2*z**4/3 + 7*z**3/6 - 6*z**2 + 2018*z. Let n be 29/3 + (-2)/3. Determine q(n).
-30
Let a(r) = -109*r - 1. Let d be a(1). Let t = d - -115. Let w(x) = -x**2 + 3*x + 2. Determine w(t).
-8
Let f(c) = c**3 - 5*c**2 - c + 5. Let v(w) = w**2 - 8*w + 15. Let u be v(6). Let l be 4/10 + (u - 68/20). Suppose -4*o = -l*o - 16. Determine f(o).
-15
Suppose 0 = 162*a - 153*a - 270. Let p(y) = -y**3 + 30*y**2 + y - 34. What is p(a)?
-4
Let s(y) = y**2 + 5*y + 3. Let x be s(-4). Let m be (-1)/(4/(21 + x)). Let b(u) = 0 + u**3 - 6*u + 4*u**2 + 0*u + 4 - 5. Determine b(m).
4
Let p = 5 + 3. Let f(x) = 7 - x**2 - 5 + p*x + 2*x**2 - 6. Suppose 30*u + 109 = -101. Give f(u).
-11
Suppose -19*d + 7*d = 132. Let b(v) = -6 - 7 + 10*v + 7*v + 5*v - 24*v. Give b(d).
9
Suppose -284*r - 15 = 278*r - 559*r. Let t(a) = -2*a. Let s(c) = c. Let p(k) = 7*s(k) + 4*t(k). Calculate p(r).
5
Suppose -8*l + 3*l = 20. Let v be -6 + (11 - (-1 - l)). Let b(z) = -3*z**3 - 4*z**2 + 4*z - 3. Determine b(v).
-35
Let r(v) = -v + 17. Let l be r(14). Let y be l/(24/20)*-2. Let q(z) = z**2 + z - 1. Determine q(y).
19
Let k(o) = -o**3 + 3*o**2 + 19*o. Let f be k(6). Let y(m) = -14*m**2 + 4*m - 6. Let s(r) = 17*r**2 - 5*r + 7. Let w(u) = f*y(u) + 5*s(u). Give w(-1).
1
Let n(b) = -4*b - 11. Let h(q) = -2*q - 5. Let k(z) = 9*h(z) - 4*n(z). Let o(v) = 13*v**2 - 41*v + 5. Let c be o(5). Let u = 127 - c. Calculate k(u).
-5
Let j(x) = -115*x + 341. Suppose 0 = -4*p - 4, 8*c + 4*p - 11 = 3*c. What is j(c)?
-4
Suppose 5*w = 2*i + 5, 2*i - 3*i = 3*w - 3. Suppose -60*g + 61*g + w = 0. Let b be 2 + -1 + (-1)/g. Let h(t) = 2*t**3 - 3*t**2 + t + 1. Calculate h(b).
7
Let k(